culate the remainder when 255 is divided by 3.
0
Calculate the remainder when 654 is divided by 39.
30
Calculate the remainder when 268 is divided by 54.
52
What is the remainder when 628 is divided by 45?
43
What is the remainder when 106 is divided by 12?
10
Calculate the remainder when 48 is divided by 22.
4
Calculate the remainder when 295 is divided by 13.
9
Calculate the remainder when 178 is divided by 14.
10
What is the remainder when 2331 is divided by 91?
56
Calculate the remainder when 116 is divided by 54.
8
Calculate the remainder when 322 is divided by 107.
1
Calculate the remainder when 695 is divided by 12.
11
What is the remainder when 155 is divided by 26?
25
What is the remainder when 697 is divided by 85?
17
Calculate the remainder when 2232 is divided by 46.
24
Calculate the remainder when 195 is divided by 106.
89
What is the remainder when 707 is divided by 78?
5
What is the remainder when 2397 is divided by 160?
157
What is the remainder when 3976 is divided by 41?
40
What is the remainder when 101 is divided by 25?
1
What is the remainder when 47 is divided by 32?
15
What is the remainder when 417 is divided by 21?
18
Calculate the remainder when 54 is divided by 4.
2
What is the remainder when 47 is divided by 9?
2
Calculate the remainder when 373 is divided by 11.
10
Calculate the remainder when 6956 is divided by 24.
20
What is the remainder when 356 is divided by 296?
60
Calculate the remainder when 13397 is divided by 134.
131
Calculate the remainder when 490 is divided by 36.
22
Calculate the remainder when 41 is divided by 24.
17
What is the remainder when 212 is divided by 55?
47
Calculate the remainder when 631 is divided by 3.
1
Calculate the remainder when 106 is divided by 91.
15
Calculate the remainder when 173 is divided by 36.
29
Calculate the remainder when 9623 is divided by 224.
215
Calculate the remainder when 185 is divided by 38.
33
What is the remainder when 670 is divided by 666?
4
What is the remainder when 206 is divided by 11?
8
Calculate the remainder when 12310 is divided by 76.
74
Calculate the remainder when 61851 is divided by 122.
119
Calculate the remainder when 148 is divided by 43.
19
Calculate the remainder when 2190 is divided by 2180.
10
Calculate the remainder when 230 is divided by 61.
47
Calculate the remainder when 1653 is divided by 46.
43
Calculate the remainder when 191 is divided by 183.
8
What is the remainder when 171 is divided by 64?
43
What is the remainder when 576 is divided by 46?
24
Calculate the remainder when 646 is divided by 27.
25
What is the remainder when 587 is divided by 59?
56
What is the remainder when 881 is divided by 58?
11
Calculate the remainder when 1268 is divided by 634.
0
Calculate the remainder when 503 is divided by 24.
23
Calculate the remainder when 204 is divided by 70.
64
What is the remainder when 103 is divided by 21?
19
Calculate the remainder when 441 is divided by 13.
12
What is the remainder when 248 is divided by 240?
8
What is the remainder when 33 is divided by 19?
14
Calculate the remainder when 385 is divided by 252.
133
Calculate the remainder when 907 is divided by 65.
62
Calculate the remainder when 4662 is divided by 44.
42
Calculate the remainder when 548 is divided by 46.
42
What is the remainder when 88 is divided by 51?
37
What is the remainder when 3620 is divided by 1206?
2
What is the remainder when 263 is divided by 57?
35
What is the remainder when 1108 is divided by 29?
6
Calculate the remainder when 1186 is divided by 108.
106
Calculate the remainder when 688 is divided by 21.
16
Calculate the remainder when 2759 is divided by 912.
23
Calculate the remainder when 645 is divided by 36.
33
Calculate the remainder when 1836 is divided by 11.
10
What is the remainder when 768 is divided by 60?
48
What is the remainder when 88 is divided by 7?
4
Calculate the remainder when 68 is divided by 41.
27
What is the remainder when 1531 is divided by 220?
211
What is the remainder when 426 is divided by 119?
69
Calculate the remainder when 10213 is divided by 15.
13
Calculate the remainder when 190 is divided by 8.
6
Calculate the remainder when 529 is divided by 110.
89
What is the remainder when 532 is divided by 67?
63
Calculate the remainder when 550 is divided by 91.
4
What is the remainder when 2252 is divided by 24?
20
Calculate the remainder when 290 is divided by 272.
18
Calculate the remainder when 999 is divided by 27.
0
Calculate the remainder when 55 is divided by 54.
1
Calculate the remainder when 79 is divided by 18.
7
Calculate the remainder when 218 is divided by 62.
32
Calculate the remainder when 100 is divided by 13.
9
What is the remainder when 273 is divided by 91?
0
Calculate the remainder when 46 is divided by 27.
19
What is the remainder when 293 is divided by 33?
29
What is the remainder when 35 is divided by 8?
3
Calculate the remainder when 2588 is divided by 70.
68
What is the remainder when 304 is divided by 145?
14
Calculate the remainder when 2079 is divided by 160.
159
Calculate the remainder when 111 is divided by 18.
3
What is the remainder when 205 is divided by 9?
7
Calculate the remainder when 868 is divided by 418.
32
Calculate the remainder when 88 is divided by 55.
33
Calculate the remainder when 148 is divided by 10.
8
Calculate the remainder when 1329 is divided by 222.
219
What is the remainder when 111 is divided by 75?
36
Calculate the remainder when 72 is divided by 7.
2
Calculate the remainder when 388 is divided by 142.
104
Calculate the remainder when 603 is divided by 129.
87
What is the remainder when 431 is divided by 9?
8
What is the remainder when 65 is divided by 15?
5
Calculate the remainder when 46 is divided by 37.
9
Calculate the remainder when 93 is divided by 34.
25
Calculate the remainder when 531 is divided by 6.
3
Calculate the remainder when 273 is divided by 248.
25
What is the remainder when 1774 is divided by 162?
154
Calculate the remainder when 211 is divided by 43.
39
What is the remainder when 1182 is divided by 311?
249
What is the remainder when 74 is divided by 39?
35
Calculate the remainder when 94 is divided by 19.
18
Calculate the remainder when 220 is divided by 2.
0
Calculate the remainder when 491 is divided by 26.
23
Calculate the remainder when 28 is divided by 1.
0
What is the remainder when 208 is divided by 50?
8
What is the remainder when 10582 is divided by 27?
25
What is the remainder when 106 is divided by 9?
7
What is the remainder when 366 is divided by 114?
24
Calculate the remainder when 3186 is divided by 791.
22
Calculate the remainder when 4318 is divided by 131.
126
Calculate the remainder when 134 is divided by 79.
55
What is the remainder when 317 is divided by 100?
17
What is the remainder when 189 is divided by 16?
13
Calculate the remainder when 82 is divided by 14.
12
Calculate the remainder when 2596 is divided by 53.
52
What is the remainder when 82 is divided by 22?
16
What is the remainder when 70 is divided by 15?
10
What is the remainder when 358 is divided by 96?
70
Calculate the remainder when 86 is divided by 10.
6
What is the remainder when 3059 is divided by 68?
67
Calculate the remainder when 15 is divided by 12.
3
What is the remainder when 253 is divided by 17?
15
Calculate the remainder when 653 is divided by 4.
1
Calculate the remainder when 616 is divided by 69.
64
Calculate the remainder when 866 is divided by 32.
2
What is the remainder when 295 is divided by 150?
145
What is the remainder when 1581 is divided by 44?
41
What is the remainder when 322 is divided by 5?
2
What is the remainder when 51 is divided by 28?
23
Calculate the remainder when 35 is divided by 7.
0
What is the remainder when 2406 is divided by 242?
228
What is the remainder when 4019 is divided by 17?
7
What is the remainder when 316 is divided by 11?
8
Calculate the remainder when 656 is divided by 110.
106
Calculate the remainder when 64 is divided by 21.
1
Calculate the remainder when 491 is divided by 93.
26
What is the remainder when 295 is divided by 42?
1
Calculate the remainder when 1457 is divided by 54.
53
Calculate the remainder when 467 is divided by 24.
11
What is the remainder when 1030 is divided by 260?
250
What i